ve f(-10).
21
Let o = -17 - -14. Let m(g) be the second derivative of -g**4/12 - g**3/3 + 2*g**2 - 11*g. What is m(o)?
1
Suppose 0 - 6 = -2*f. Let m(q) = 2 + 11*q + f*q**2 - 9*q - 6*q. What is m(2)?
6
Let q(j) = 3*j**2 - j - 8. Let k(z) = -5*z**2 + 2*z + 15. Let u(m) = -6*k(m) - 11*q(m). Determine u(-2).
-12
Let r(o) = 2*o**2 - o. Let h = 99 + -98. What is r(h)?
1
Let z be (-2 + 15/6)*-8. Let n(d) = -8*d - 1. Let s(a) = -6*a + 9*a + 1 + 4*a. Let i(v) = 6*n(v) + 7*s(v). Give i(z).
-3
Let a(z) = -z**3 + 19*z**2 - z + 17. Let f be a(19). Let c(u) = -u**3 - 2*u**2 - 3*u - 2. What is c(f)?
4
Let q be (-2)/3*(-18)/(-2). Let l(i) = -3*i - 9. Calculate l(q).
9
Let o be ((-10)/(-4) + -2)*-2. Let u(n) = -10*n + 6. Let g(v) be the second derivative of v**3/6 - v**2/2 + v. Let m(w) = o*u(w) - 5*g(w). Calculate m(1).
4
Let l(t) = -2*t**2 - 1 + 25*t - t**3 + 3 - 4*t**2 - 28*t. Calculate l(-5).
-8
Suppose 5*w = -4*u + 13, 4*w - 2*u = -u + 2. Suppose 0 = -q + 4*n + 25, 5*q = 4*n + 42 + 3. Let c be q + w/(1/(-2)). Let d(k) = k**2 - 4*k. What is d(c)?
-3
Let t = 25 + -29. Let m(j) = -j**3 - 4*j**2 + 5*j + 1. What is m(t)?
-19
Let n = 3 - 2. Let y(o) be the first derivative of -o**5/60 + o**4/24 + o**3/6 - o**2/2 - 1. Let i(k) be the second derivative of y(k). Calculate i(n).
1
Let h(z) = -z**3 + 2*z**2 + 3*z + 2. Let x(f) = -f**3 + f**2 + f + 1. Let b(o) = h(o) - 2*x(o). Suppose 6*q = 2*q. Suppose 0*u - 5*u = q. Calculate b(u).
0
Let p(x) = -6*x - 14*x**2 + 6*x**2 - 1 + 6*x. Determine p(1).
-9
Let h(q) = q**2 + q - 1. Let w(t) = t**3 + 5*t**2 + 5*t - 6. Let p(a) = 6*h(a) - w(a). Calculate p(2).
-2
Suppose -3*h - 2*d + 20 = h, -3*h - d + 15 = 0. Let l(x) = -5*x**3 + 3*x**3 + 2 - 3*x**2 + h*x**2 - 3. Give l(-1).
3
Let l(k) = 9*k + 3. Let w(n) = -4*n - 2. Let c(j) = 2*j**2 - 3*j - 4. Let m be c(3). Let a(y) = m*w(y) + 3*l(y). Give a(1).
6
Let h(w) be the third derivative of 0 - 1/12*w**4 + 0*w + 5*w**2 + 1/3*w**3. Determine h(4).
-6
Suppose -3*z = z. Let h(n) be the third derivative of -n**4/24 - 4*n**3/3 - n**2 + 14. Calculate h(z).
-8
Let g(w) = -2*w + 4. Let d(y) = y**3 + 5*y**2 + 4*y + 6. Let v be d(-4). Determine g(v).
-8
Let z(t) = -5*t**3 + 2*t**2 - 4*t - 1. Suppose 8*c = 3*c + 55. Let b(n) = 14*n**3 - 7*n**2 + 12*n + 2. Let a(x) = c*z(x) + 4*b(x). Give a(5).
-8
Let w(a) = -a**2 + 13*a + 3. Let k be w(14). Let p = k + 9. Let y(z) = 3*z + 2. Calculate y(p).
-4
Suppose -v = -2*v. Suppose 8 = 4*w - v*w. Suppose -24 = -4*m - d, -5*m = 4*d - 43 + w. Let f(n) = -n**3 + 5*n**2 - 2*n + 7. Give f(m).
-3
Let k(f) = f**3 + 5*f**2 - 3*f + 2. Let r(l) = -l**2 + l. Let w(v) = -k(v) - 3*r(v). Determine w(-2).
-2
Let k(s) be the first derivative of -s**3/3 + 5*s**2/2 - 5*s - 1. Let b be ((-4)/6)/((-10)/75). What is k(b)?
-5
Suppose -4*h - u + 2*u = 10, 5*u = -10. Let z(p) = -11*p + 5*p + 3*p + 3 - 2*p**2. Give z(h).
-6
Let a(c) be the third derivative of -c**4/8 + 5*c**3/6 + 5*c**2. Calculate a(6).
-13
Let h be ((-8)/(-10))/((-4)/20). Let c be 3/(-2)*(-2)/(-1). Let p(l) = 5*l**2 + 9*l + 4. Let m(w) = 4*w**2 + 8*w + 4. Let n(t) = c*p(t) + 4*m(t). What is n(h)?
0
Suppose -3*p - 3 = -15. Let l(s) = -s**3 + 5*s**2 - 3*s + 1. What is l(p)?
5
Suppose -t - 3*t = 12. Let p be 2*1 + (-3 - t). Let c(y) = 2*y - 11. Let z(b) = -b + 6. Let j(u) = 3*c(u) + 5*z(u). Determine j(p).
-1
Let r(s) = s**2 - 3*s + 3. Let i(h) = h - 16. Let j(o) = -o**3 + 8*o**2 + 10*o - 9. Let n be j(9). Let u be i(n). Let t be (1/(-2))/(4/u). Determine r(t).
1
Let k = -72 - -60. Let f(d) = d**3 + 13*d**2 + 13*d + 17. Give f(k).
5
Let a(n) be the third derivative of n**5/60 + n**4/12 + n**3/2 - 3*n**2. Let h(b) = -b**3 - 4*b**2 + 4*b - 7. Let c be h(-5). Calculate a(c).
3
Let l(q) = -2*q + 3*q - 31 + 33 - 2*q**2. Give l(-2).
-8
Suppose -5*r + t - 5*t + 16 = 0, -4*r = t - 15. Let c(z) = -23*z + 11. Let x(p) = -2 - 3 + 0*p + 11*p. Let l(q) = r*c(q) + 9*x(q). Determine l(1).
6
Let p = 29 + -31. Let x(j) = -j**3 - 4*j**2 - 3*j - 1. What is x(p)?
-3
Suppose -2*p - 10 = 0, 0*p - 4*p - 18 = l. Let i(w) = -1 + 3*w - w - 2*w**3 + 0*w + 2*w**2. Calculate i(l).
-5
Let r(h) = -h. Let j be 4*(-3)/(-24)*(-4)/1. Calculate r(j).
2
Let g(i) = i**3 - 4*i + 4. Let f(w) = 2*w**3 + w**2 - 9*w + 9. Let y(m) = -2*f(m) + 5*g(m). Calculate y(-2).
-10
Let r(k) be the first derivative of -k**3/3 + k**2 + 7*k - 26. What is r(5)?
-8
Let o(r) = -r**3 - 3*r**2 - r - 1. Let g be o(-2). Let f(m) = m**3 + 3*m**2 + m - 2. Let v be f(g). Let b(k) = -k**2 - 4*k + 5. What is b(v)?
0
Let a(l) = -29*l**3 + 2 - 8*l - 18*l**3 + 9*l**2 + 46*l**3. Give a(8).
2
Let c(i) = i**3 - 6*i**2 - 8*i - 4. Suppose -7*n - 4 = -53. What is c(n)?
-11
Let m(g) = 3*g - 5. Suppose -3*o - 21 = -3*f, 0*o + 2*o + 2 = 0. Give m(f).
13
Let a(y) = -2*y**2 + 4 + 3*y**2 + 2 - 4 + 6*y. Determine a(-5).
-3
Let p be (-5 + 10 + -9)/((-1)/(-1)). Let d(b) be the third derivative of -b**5/60 - 5*b**4/24 - b**2. Give d(p).
4
Suppose 29 = -3*g + 11. Let v(k) = -k**3 - 5*k**2 + 6*k + 4. Let i be v(g). Let q(z) = -2*z + 3. What is q(i)?
-5
Let p be ((-4)/(-7))/(20/70). Let v(u) = -3 + 4*u + p - 2*u. Give v(2).
3
Let j(q) = q + 9. Let r be j(-9). Let f(w) = 2*w**3 - 4*w**2 + 3*w - 2. Let m be f(2). Let t(b) = r*b - 3 + 0*b - 2*b - b**2 - m*b. Determine t(-3).
6
Suppose 3 + 21 = 3*h. Let a = h + -5. Let t(b) = 0 + 1 - b**2 + b**3 - 3*b**a. Give t(-1).
2
Let p(w) be the third derivative of -w**6/120 - w**5/12 - w**4/6 + w**3/2 - w**2. Let x(i) = i + 9. Let d be x(-13). Determine p(d).
3
Let o(b) be the second derivative of -b**5/10 - b**4/6 + b**3/3 + b**2/2 - 3*b. Suppose 0 = -4*k + 5*i - 0*i - 28, 12 = 4*k + 5*i. Calculate o(k).
5
Let n = -6 + 1. Let t(m) be the first derivative of -m**2 - 4*m**2 - 2*m + 4*m**2 + 4 + 3*m. What is t(n)?
11
Suppose 5*c - 3*h + 4*h = 8, 0 = -c + 5*h - 14. Suppose -m = -4 + c. Let w(a) = 2*a - 3. What is w(m)?
3
Let t(o) be the third derivative of o**6/120 + o**5/60 + o**4/24 + o**3/6 - 3*o**2. Suppose 0 = -2*j - 4*b + 2*b - 10, -5*j + 4*b + 20 = 0. What is t(j)?
1
Suppose -t + 15 = 5*x, -20 = t - 5*t. Let l(y) = 7 + y**x - 1 - 2 - 6*y. Let p be (2/(-3))/(2/(-9)). What is l(p)?
-5
Let k be ((-12)/(-3))/((-2)/(-4)). Let z(t) = 5*t + 4*t + 6 - k*t. Suppose -4*f + 1 - 3 = -2*p, -f = 5*p - 5. Determine z(f).
6
Let s(q) = q**2 - 5*q + 0*q - q + 1. Suppose 2*j = -5*l + 40, 3*j - 8*j = -2*l - 13. Let u be 6/9 - (-26)/l. What is s(u)?
-4
Let k(j) = -j + 1. Let v(r) = -r + 8. Let o(w) = 3*k(w) - v(w). Let t be o(5). Let u be ((-4)/(-12))/(1/t). Let c(s) = -s**3 - 6*s**2 - 7*s - 7. Determine c(u).
3
Let s = 39 + -39. Let x(n) = -n + 13. What is x(s)?
13
Let n be ((-2)/(-4))/(2/(-4)). Let j be -1 - (-1 + (-2 - n)). Let t(w) = 3*w + 0*w + 2*w**3 - w**2 - j - 3*w**3. Determine t(-3).
8
Let h(w) be the third derivative of -w**4/12 - 3*w**3/2 + 13*w**2. Let i = 9 + -15. Give h(i).
3
Let t(l) = -3*l + 0 + 3 + 9 - 7. Determine t(5).
-10
Let p = -1 + 0. Let d(r) = -r**3 - r - 1. Let c(u) = 7*u**3 + 2*u**2 - 2*u - 3. Let o(x) = -c(x) + 3*d(x). Determine o(p).
9
Suppose -3*f + 23 + 53 = 4*r, 5*r - 3*f - 68 = 0. Let n = -10 + r. Suppose -n + 1 = t. Let i(y) = -y - 2. Calculate i(t).
3
Let j(h) be the second derivative of h**7/2520 + h**6/144 - h**5/24 - h**4/6 - h. Let r(y) be the third derivative of j(y). What is r(-6)?
1
Let u(d) be the third derivative of d**5/120 - d**4/6 + d**3/2 - d**2. Let r(i) be the first derivative of u(i). Let t = 1 + 4. Determine r(t).
1
Let a(d) = 2*d + 2. Let u = -25 - -31. Give a(u).
14
Let f(w) = w**2 - 3*w - 1. Suppose -4*o + 4*j + 12 = j, -o + j + 3 = 0. Determine f(o).
-1
Suppose 0 = -2*y - 2*k + 2, -3*y - k = 2*y - 25. Let v(a) = -a - 1. Determine v(y).
-7
Let x(h) = h - 2. Let k be x(4). Let y(t) = -2*t**2 + 4*t + 0*t - 3 + 2*t**k - 4*t**2 + t**3. Give y(2).
-3
Let b(n) = -5*n + 7*n + 0*n. What is b(3)?
6
Let s(m) = -2*m - 21. Let k be s(-14). Let a(y) = 1 + 2*y**2 - 4 + 2 - k*y**2 + y. Determine a(1).
-5
Let o(h) be the third derivative of 2/3*h**3 + 0*h - 3*h**2 - 1/4*h**4 + 0 + 1/60*h**5. Determine o(5).
-1
Let o(f) = f**3 + 2*f**2 + 4*f + 2. Let t(w) = w**3 + 5*w**2 + 5*w + 2. Let v be t(-4). Calculate o(v).
-6
Let v be ((-1)/(-2))/((-2)/(-16)). Let m(u) = -u**3 - u**2 - 2*u - 3. Let r(h) = -h**3 + h**2 - h + 1. Let y(f) = -m(f) + 2*r(